?
True
Is 18 a factor of 136570?
False
Is 118592 a multiple of 272?
True
Is 578 a factor of 504530?
False
Is 71 a factor of 10882809?
True
Does 237 divide 1262262?
True
Does 730 divide 3435380?
True
Is 1065 a factor of 1461161?
False
Is 97 a factor of 10007102?
True
Does 32 divide 99886?
False
Is 63 a factor of 354438?
True
Does 6 divide 318759?
False
Does 5 divide 156960?
True
Does 5 divide 3338906?
False
Does 5 divide 109667?
False
Is 1027873 a multiple of 539?
True
Is 363 a factor of 203355?
False
Is 10845414 a multiple of 27?
True
Does 225 divide 7394175?
True
Is 1391900 a multiple of 62?
True
Does 22 divide 5104?
True
Is 60333 a multiple of 119?
True
Is 47 a factor of 12607843?
False
Is 211582 a multiple of 13?
False
Does 32 divide 2779488?
True
Does 41 divide 44485?
True
Is 56 a factor of 140384?
False
Does 885 divide 791386?
False
Is 6 a factor of 272493?
False
Is 704947 a multiple of 13?
False
Is 244988 a multiple of 14?
False
Is 464230 a multiple of 26?
True
Is 164 a factor of 74948?
True
Is 21981 a multiple of 2?
False
Does 420 divide 2478840?
True
Is 42 a factor of 8568?
True
Is 10 a factor of 1043385?
False
Is 1991461 a multiple of 63?
False
Is 43 a factor of 118766?
True
Is 777288 a multiple of 139?
True
Does 15 divide 1276365?
True
Does 148 divide 6315308?
True
Is 13 a factor of 4057?
False
Does 27 divide 937546?
False
Does 15 divide 75570?
True
Is 195 a factor of 418275?
True
Is 3 a factor of 137416?
False
Is 67628 a multiple of 3?
False
Does 51 divide 1622718?
True
Is 292 a factor of 2050132?
True
Is 652041 a multiple of 13?
True
Is 16 a factor of 4174576?
True
Is 108634 a multiple of 29?
True
Is 671040 a multiple of 720?
True
Is 267969 a multiple of 6?
False
Is 17 a factor of 199355?
False
Is 144 a factor of 42530?
False
Is 921 a factor of 7343269?
False
Is 154517 a multiple of 9?
False
Does 18 divide 12410136?
True
Is 3 a factor of 41511?
True
Is 71 a factor of 132699?
True
Is 2810780 a multiple of 206?
False
Does 33 divide 60159?
True
Does 227 divide 5912215?
True
Is 470660 a multiple of 202?
True
Is 1675654 a multiple of 10?
False
Is 84 a factor of 173292?
True
Does 12 divide 2395867?
False
Does 95 divide 36320?
False
Is 130 a factor of 701707?
False
Is 14 a factor of 3098380?
False
Is 241 a factor of 3096538?
False
Does 119 divide 452438?
True
Is 736497 a multiple of 531?
True
Is 14 a factor of 2250892?
True
Is 577647 a multiple of 477?
True
Is 1339252 a multiple of 37?
True
Is 6 a factor of 92490?
True
Is 829 a factor of 5372749?
True
Does 11 divide 2408274?
True
Is 34 a factor of 13775?
False
Is 13001079 a multiple of 1576?
False
Is 12 a factor of 2009808?
True
Does 12 divide 18640188?
True
Does 153 divide 404379?
True
Is 8 a factor of 2668448?
True
Is 48 a factor of 438750?
False
Does 1315 divide 1943789?
False
Is 238945 a multiple of 14?
False
Is 1473472 a multiple of 56?
True
Is 54746 a multiple of 4?
False
Is 5564 a multiple of 26?
True
Is 302190 a multiple of 13?
False
Does 79 divide 652951?
False
Is 8926954 a multiple of 1783?
False
Does 35 divide 8097084?
False
Is 266113 a multiple of 7?
False
Is 3102 a multiple of 6?
True
Is 59 a factor of 1155697?
False
Does 26 divide 159250?
True
Is 48 a factor of 129866?
False
Does 69 divide 1015973?
False
Does 3 divide 4191?
True
Is 50493 a multiple of 9?
False
Does 519 divide 42068?
False
Is 664092 a multiple of 39?
True
Is 2882290 a multiple of 10?
True
Is 428 a factor of 2216184?
True
Is 153425 a multiple of 95?
True
Does 40 divide 264765?
False
Is 5572 a multiple of 2?
True
Does 6 divide 252141?
False
Does 17 divide 259155?
False
Is 17 a factor of 16099?
True
Is 40 a factor of 137160?
True
Is 1894 a factor of 2392922?
False
Is 196 a factor of 729819?
False
Is 7516348 a multiple of 14?
True
Is 444507 a multiple of 61?
True
Is 666 a factor of 7501788?
False
Is 14729404 a multiple of 27?
False
Does 3 divide 1163148?
True
Is 44695 a multiple of 171?
False
Is 5272 a multiple of 17?
False
Does 65 divide 986188?
False
Is 31 a factor of 893048?
True
Is 241328 a multiple of 16?
True
Is 27 a factor of 29457?
True
Is 7 a factor of 567910?
True
Is 227 a factor of 229480?
False
Does 5 divide 3733135?
True
Is 65335 a multiple of 46?
False
Is 30 a factor of 708930?
True
Does 13 divide 304304?
True
Is 3702272 a multiple of 1792?
True
Is 261712 a multiple of 14?
False
Does 29 divide 1170777?
False
Is 760 a factor of 1881000?
True
Does 38 divide 393946?
True
Is 36899 a multiple of 129?
False
Does 174 divide 316854?
True
Is 321 a factor of 1042929?
True
Does 4 divide 791796?
True
Does 1221 divide 12299?
False
Is 572 a factor of 922064?
True
Is 114157 a multiple of 14?
False
Is 721831 a multiple of 2?
False
Is 402487 a multiple of 196?
False
Is 65 a factor of 1115985?
True
Is 4 a factor of 903403?
False
Does 13 divide 118356?
False
Is 673200 a multiple of 85?
True
Is 712 a factor of 2886049?
False
Does 36 divide 1715004?
True
Is 8 a factor of 82869?
False
Does 353 divide 5087319?
False
Is 145875 a multiple of 75?
True
Is 11498116 a multiple of 510?
False
Does 524 divide 1827712?
True
Is 385 a factor of 8176518?
False
Is 12 a factor of 288672?
True
Is 2063893 a multiple of 27?
False
Does 103 divide 24945?
False
Does 426 divide 114168?
True
Does 167 divide 693718?
True
Is 702537 a multiple of 33?
True
Is 21 a factor of 3774015?
True
Is 354456 a multiple of 324?
True
Does 198 divide 6310668?
False
Does 14 divide 285891?
False
Is 124590 a multiple of 6?
True
Is 3472839 a multiple of 19?
True
Is 12109 a multiple of 11?
False
Is 51 a factor of 172023?
True
Does 960 divide 4343040?
True
Is 2823852 a multiple of 9?
False
Is 4956603 a multiple of 28?
False
Is 1397928 a multiple of 990?
False
Does 30 divide 60863?
False
Is 102 a factor of 1566516?
True
Is 29 a factor of 172612?
False
Does 67 divide 171135?
False
Is 312338 a multiple of 420?
False
Does 60 divide 215311?
False
Is 77 a factor of 298310?
False
Is 45 a factor of 130810?
False
Does 35 divide 8788359?
False
Does 44 divide 79105?
False
Is 28 a factor of 7887457?
False
Is 59 a factor of 1378740?
False
Does 294 divide 10791858?
True
Does 92 divide 8556?
True
Is 19925528 a multiple of 100?
False
Does 364 divide 954772?
True
Is 333346 a multiple of 13?
True
Is 54 a factor of 3577459?
False
Is 11011068 a multiple of 29?
True
Does 793 divide 1116544?
True
Does 69 divide 1653378?
True
Does 253 divide 633259?
True
Is 2064 a factor of 3353817?
False
Does 151 divide 45451?
True
Is 46545 a multiple of 15?
True
Is 40 a factor of 9070024?
False
Is 571268 a multiple of 124?
True
Is 169742 a multiple of 216?
False
Is 43 a factor of 6064?
False
Is 28700 a multiple of 41?
True
Does 13 divide 5113102?
False
Is 24 a factor of 301?
False
Is 11 a factor of 40238?
True
Is 38 a factor of 9427998?
False
Does 11 divide 270671?
False
Is 102 a factor of 847620?
True
Is 30 a factor of 89280?
True
Does 287 divide 19411245?
True
Is 3201123 a multiple of 73?
True
Does 34 divide 146463?
False
Does 169 divide 2401323?
False
Is 19 a factor of 52880?
False
Is 75429 a multiple of 153?
True
Is 1177 a factor of 9576201?
False
Is 47 a factor of 24339?
False
Does 70 divide 152390?
True
Is 917387 a multiple of 409?
True
Is 36 a factor of 1547244?
True
Does 679 divide 1572564?
True
Is 19231 a multiple of 5?
False
Is 4 a factor of 1069806?
False
Is 349650 a multiple of 74?
True
Is 6 a factor of 6522282?
True
Is 17400 a multiple of 50?
True
Does 2 divide 24249?
False
Is 5 a factor of 10021?
False
Is 1003190 a multiple of 90?
False
Is 1682982 a multiple of 722?
True
Is 69701 a multiple of 20?
False
Is 7941578 a multiple of 436?
False
Is 88823 a multiple of 243?
False
Is 8 a factor of 687864?
True
Does 530 divide 17490?
True
Is 141976 a multiple of 3?
False
Is 305 a factor of 418937?
False
Does 26 divide 2042601?
False
Is 62 a factor of 351478?
True
Is 1242342 a multiple of 533?
False
Is 50 a factor of 227200?
True
Is 778325 a multiple of 6?
False
Does 9 divide 254844?
True
Is 461206 a multiple of 106?
True
Is 14569 a multiple of 10?
False
Does 286 divide 650392?
False
Is 78 a multiple of 4?
False
Is 994122 even?
True
Does 114 divide 1208172?
True
Is 381 a factor of 287274?
True
Does 69 divide 4335091?
False
Does 12 divide 1293672?
True
Does 25 divide 50875?
True
Does 126 divide 168